-4*z - 5*g + 186 = -18. Suppose -4*j + 2*j = -z. Suppose -3*d + j = -11. List the prime factors of d.
13
Let s = -16 - -30. Suppose 4*a = 2*n - s, 4*a + 0*a - 8 = 0. What are the prime factors of n?
11
Let j(c) = -2*c**2 + 5*c + 4. Let z(k) = k**2 - 5*k - 2. Let f be z(6). Let w be j(f). Let a = 2 - w. List the prime factors of a.
2, 5
Suppose 23 = 4*o - 173. List the prime factors of o.
7
Let r = -13 + 18. Suppose n + r*u = 42, -2*n + 15 = -u - 14. What are the prime factors of n?
17
Let p be (5 + 0)*(-8)/(-10). Let k(s) = -2*s - 18. Let b be k(-9). Suppose 6*i - 2*i + 5*o - 60 = b, 3*i = p*o + 14. What are the prime factors of i?
2, 5
Let h(q) = q**2 - 2*q + 20. What are the prime factors of h(9)?
83
Let b(u) = -u**3 - 6*u**2 - 12*u - 8. Let j be b(-4). Let h(v) be the first derivative of -v**4/4 + 8*v**3/3 + v**2 - v - 1. List the prime factors of h(j).
3, 5
Let c(b) = 74*b**2 - 4*b + 3. What are the prime factors of c(2)?
3, 97
Let p be 4 - (-1 - 2)/(-3). Suppose -2*r + p = -5*o - 12, 5*r - 5*o = 15. Suppose 2*c + 4*m - 6 = r, 3*c = -2*c - 4*m + 33. What are the prime factors of c?
3
Let r be 0/((-3)/(2 - 5)). Suppose r = -6*o - 36 + 276. List the prime factors of o.
2, 5
Let m(t) = 200*t**2 + t. Let k be m(1). Suppose -168 = -4*o + 4*x, -o + 6*o - 2*x - k = 0. Let r = o - 27. List the prime factors of r.
2, 3
Suppose -5*l + 82 = -0*a + 4*a, -3*a = 6. What are the prime factors of l/((8/(-4))/(-2))?
2, 3
Let p(a) = -a**3 - 3*a**2 - a - 2. Let u be p(-2). Let g = u - -9. Suppose d - 3*r - 5 = 1, -3*d + g*r + 38 = 0. List the prime factors of d.
3, 7
Let u(c) = 6*c + 1. Let n be u(-1). Let p = n + 8. Suppose p*s + v - 41 = -5, 0 = 3*s + 3*v - 36. List the prime factors of s.
2, 3
Let y(r) = 3*r**3 + 2*r**2 - 2*r - 2. List the prime factors of y(2).
2, 13
Suppose 3*h + 12 = -2*b, -3*b = b - 3*h - 12. Suppose 2*p + 0*p = -q, b = -4*p - 4. Let m = q - 0. What are the prime factors of m?
2
Suppose 4*c - 67 + 3 = 0. Suppose 0 = 2*g + 3*k - 3, -5*g + c = -0*k - k. What are the prime factors of g?
3
Let g = 5 - 0. Suppose 0*b - 2*n = -b - 43, g*b = -5*n - 140. Let t = -10 - b. List the prime factors of t.
23
Suppose 12*k - 7*k = 30. List the prime factors of k.
2, 3
Let x(r) = 4*r**2 - 8*r - 6. Let v be x(-6). Suppose 0 = -3*o - 3*j + 117, 5*o - 3*j = j + v. List the prime factors of o.
2, 19
Let f = 1 + -5. What are the prime factors of 128/20 - f/(-10)?
2, 3
Suppose 2*t - 7*t = -165. Suppose -t = 3*a - 6*a. What are the prime factors of a?
11
Let p(h) be the third derivative of h**6/360 + h**5/60 + h**4/12 + 2*h**2. Let n(i) be the second derivative of p(i). What are the prime factors of n(5)?
2, 3
Let c(v) = 5*v**3 - v. Let m be c(1). Let x be m + -1 - -1*2. Suppose x*r - 31 = -b, -r = b + 2*b + 5. List the prime factors of r.
7
Suppose 0 = -4*l - 0*l - 12. Let o(g) = -2*g + 2. What are the prime factors of o(l)?
2
Let f = 14 - 30. List the prime factors of f*(2/(-4) + 0).
2
Suppose -2*f = -5*c + 2*f + 51, 2*c = 2*f + 22. Let w(g) = g - 1. Let d(y) = 5*y - 8. Let z(b) = -d(b) + 6*w(b). List the prime factors of z(c).
3
Let k = 282 + -139. List the prime factors of k.
11, 13
Let y(r) = r + 2*r + 12 + 9*r**2 - 4*r**2 - 10. Let w(s) = -s**2 + s - 1. Let k(m) = -4*w(m) - y(m). List the prime factors of k(-6).
2
Let t = 16 + -1. List the prime factors of t.
3, 5
Suppose 6*z + 5 = z. What are the prime factors of 24/4 - (-2)/z?
2
Let p = -6 - -4. Let h be -2*p/12*6. What are the prime factors of (h/(-3))/(10/(-75))?
5
Suppose 0*c = 5*c - g + 105, -4*g - 60 = 4*c. Let w = c + 46. What are the prime factors of w?
2, 13
List the prime factors of (-4)/((-4)/3)*548/12.
137
Let t be 6/(3 - 6/3). Let i be (-10)/t*(-2 + -1). Suppose -i*w + 35 = -0*w. List the prime factors of w.
7
Let v be (-1)/(-6) + (-105)/90. List the prime factors of 6/(-3)*v + 49.
3, 17
Let v(f) = -f**2 + 11*f - 6. Let z(q) = -q**3 + 5*q**2 + 7*q - 1. Let u be z(6). Let i be v(u). Suppose -5*j + i = -11. List the prime factors of j.
7
Let p(s) be the third derivative of s**4/24 + 13*s**3/6 - s**2. Let l be p(-9). Suppose -a = -l*w + 2*a + 72, 3*w - 53 = 2*a. List the prime factors of w.
3, 5
Let z be 5/(-2)*(-6)/3. Let t(g) = 6*g - 12. What are the prime factors of t(z)?
2, 3
Suppose -27 = -5*g + 2*y, 0 = -2*g - y + 6*y + 15. What are the prime factors of g?
5
Let k(f) = 8*f + 9. Let o be k(4). Let u = -16 + o. List the prime factors of u.
5
Suppose 9*g + 0*g = 1161. List the prime factors of g.
3, 43
Let i = 24 + -18. Let c(d) = d**3 - 7*d**2 + 7*d + 1. What are the prime factors of c(i)?
7
Let s(a) = -a**2 - 4*a - 1. Let f be s(-3). Suppose -r - 4*x - 5 = -25, 22 = f*r - x. What are the prime factors of r?
2, 3
Let x = 0 - -1. Let j be -1 + -2 + 2 + x. Suppose j = -g + 4 + 6. What are the prime factors of g?
2, 5
Let q = -8 - -12. Let r(t) be the second derivative of t**4/12 - t**3/6 - t**2/2 - t. List the prime factors of r(q).
11
Let f(u) = 36*u + 1. Let m be 5 - (4 - 8)/(-1). List the prime factors of f(m).
37
Suppose 9*l - 1232 = l. What are the prime factors of l?
2, 7, 11
Let h be (10/3)/(20/30). Suppose -h*b = -4*t - 187, 0*t = -3*b + 5*t + 120. What are the prime factors of b?
5, 7
Let f = -3 + 6. Suppose -21 = -f*g - s, -4*g + 4*s + 21 = 3*s. What are the prime factors of g?
2, 3
Let s be -3*(0 - 4/3). Let c(j) = -j - 1. Let l(x) = x**2 + 2*x. Let n(t) = 3*c(t) + l(t). List the prime factors of n(s).
3
Let h(d) be the second derivative of 4*d - 2/3*d**3 - d**2 + 0. List the prime factors of h(-2).
2, 3
Let s(j) = j**2 - 5*j - 12. What are the prime factors of s(-6)?
2, 3
Let i(b) = 2*b - 4*b + 3*b + 21. Let h = 12 - 21. What are the prime factors of i(h)?
2, 3
Let a = 2 + 1. Suppose -w = -2*o + 27, -a*o + 30 = -0*w + 2*w. List the prime factors of o.
2, 3
Suppose -5*p + 2*u + 430 = -0*u, 2*u - 10 = 0. What are the prime factors of p?
2, 11
Let n = 29 - 39. Let t(r) = -r**2 + 6*r - 7. Let b(m) = m**2 + m + 1. Let a(w) = 2*b(w) + t(w). What are the prime factors of a(n)?
3, 5
Let c be (-1 + 0)/((-6)/78). Let v = -9 + c. What are the prime factors of v?
2
What are the prime factors of (-6)/4 + 921/6?
2, 19
Let d(n) be the second derivative of 3*n**5/10 - n**2/2 - 2*n. What are the prime factors of d(1)?
5
Let t = 11 - -41. Suppose -2*k = -0*k - t. What are the prime factors of k?
2, 13
Let m be 10/((-1)/(-1) - -1). Suppose 3*t + 10 = 4*b + 66, -42 = -2*t + m*b. List the prime factors of t.
2
Let a(g) be the third derivative of g**6/120 + g**5/10 + g**4/12 - 3*g**2. Let b be a(-5). Let i = -9 + b. List the prime factors of i.
2, 3
Let d be (-25)/(-35) - (-4)/14. Let b be (2 - 8/5)*-20. Let t = d - b. List the prime factors of t.
3
Suppose d = 5*d - 224. List the prime factors of d.
2, 7
Let v(n) = -n**3 - 7*n**2 + 3*n + 5. Let c be v(-6). List the prime factors of c/(-2) - 2/4.
2, 3
Let v be 88 + (-2 + 2)/2. Let u = v - 49. List the prime factors of u.
3, 13
Suppose -2*z - 2*f + 5*f + 269 = 0, 0 = -4*z + 4*f + 532. What are the prime factors of z?
2, 5, 13
Suppose 3*j - 12 = -0*j. List the prime factors of j.
2
Let v be 4/(-12) + 94/(-6). Suppose -x + 2*x + 3*p + 3 = 0, 9 = 3*p. What are the prime factors of (x/v)/((-2)/(-32))?
2, 3
Suppose 3*o - 247 = -4. List the prime factors of o.
3
Let u = -130 - -265. What are the prime factors of u?
3, 5
Let z = -64 - -143. Suppose 3*y = -5*a + z, 3*y + 5*a = 2*y + 43. List the prime factors of y.
2, 3
Let i(r) be the third derivative of -r**5/60 - 3*r**4/8 + 3*r**3/2 - r**2. List the prime factors of i(-9).
3
Let y(z) be the second derivative of -z**5/20 + 5*z**4/6 - 7*z**3/6 - 3*z**2 - 2*z. What are the prime factors of y(9)?
2, 3
Let p(d) = d**3 + 4*d**2 - 3*d + 1. Let j be (-1)/((-1)/(-4))*1. List the prime factors of p(j).
13
List the prime factors of ((-5)/((-45)/(-114)))/(4/(-36)).
2, 3, 19
Let w = 24 - 35. Let x(a) = -6*a - 4. Let y be x(-4). Let z = w + y. What are the prime factors of z?
3
Let m(y) = -3*y + 3. Let q be m(-5). Suppose -4*n - 4*o + q = -22, -4*n + 10 = -2*o. List the prime factors of n.
5
Let j(a) be the third derivative of a**5/60 - 7*a**4/24 + a**3/2 - 3*a**2. Let y be j(7). Suppose r - 3 = -5, -4*x + y*r = -58. What are the prime factors of x?
13
Let l(t) = -4*t + 3. What are the prime factors of l(-4)?
19
L